. Let x be z(o). Suppose x*h - 3 = h + 3*y, -2*h + 12 = 3*y. Let l(s) = -5*s + 4. Calculate l(h).
-11
Let x(y) = 6*y - 3. Let t(i) = 5*i - 2. Let r(c) = -5*t(c) + 4*x(c). Let g = 964 - 974. Determine r(g).
8
Let u(p) = 3*p + 2. Let g be (-135)/54*(-152)/10. Let x(t) = -t**3 - 7*t**2 - 6*t - 9. Let o be x(-7). Let j = g - o. What is u(j)?
17
Let z(u) = -29 - 20*u**2 + 18*u + 58*u - 96*u - u**3. Determine z(-19).
-10
Let p be 2/4 + (35/10 - 2). Let o(w) = -4 + w**2 + w - 8 - p + 11. Calculate o(5).
27
Let i(a) be the second derivative of -1 + 45*a + 29/6*a**3 + 1/2*a**2. Suppose -4*o - 3*q - 11 = o, 0 = 2*o - 2*q - 2. Give i(o).
-28
Let s(q) = -q**2 + 3*q + 3. Let d be s(3). Suppose 6*y - 1274 = -8*y. Let w(c) = -30*c - c**2 - 25*c + y*c - 31*c. What is w(d)?
6
Let i = 6 + -5. Let a(x) be the third derivative of -4*x**5/15 + x**4/12 - x**3/6 + 7*x**2 - x - 85. Calculate a(i).
-15
Let v be -8 + 4 + ((-56)/4 - -9). Let u(b) = -b**3 - 9*b**2 - 2*b - 9. Give u(v).
9
Let o = -75 - -79. Let n(z) be the second derivative of z**5/20 - z**4/6 + 5*z**2/2 + 22*z - 2. What is n(o)?
37
Let r(c) = -c - 1. Let w be (-2)/(-11) + 9/11. Let y(x) be the first derivative of x**2 - 4*x - 147. Let n(i) = w*y(i) + 3*r(i). Give n(-9).
2
Let f(w) be the first derivative of -w**2 - 2*w + 1. Let h be ((-8)/(-20) - 34/10)*1. Let x be ((-12)/(-8))/((18/8)/h). What is f(x)?
2
Let f(s) = -4*s**2 - 58 + 107 - 54 + 3*s**3 - 6*s + 3*s**3 + 0*s**3. Give f(-2).
-57
Let v(q) = q + 11. Let n be ((-88)/(-66)*(-6)/4)/((-6)/21). What is v(n)?
18
Let d(i) = -i**3 + 15*i**2 - 35*i - 16. Let j be 72/66 + 1800/165. Give d(j).
-4
Let j(d) = d**2 + d - 11. Let y be (1 + (-6)/24)*4. Suppose p = -y*p. Determine j(p).
-11
Let g(p) = p**3 + 11*p**2 + p + 10. Let f(x) = 4*x + 93. Suppose -8*q - 21 = -7*q + n, -5*n = -25. Let i be f(q). Give g(i).
-1
Let x(q) = q - 13. Let u(y) = 265*y + 2924. Let t be u(-11). Give x(t).
-4
Let i be 22/(-11)*(8 + (-26)/13). Let h(z) = -6 - 4*z + 1 + 3*z + 1. Determine h(i).
8
Let o(i) be the third derivative of i**5/60 + 5*i**4/6 - 41*i**3/6 - 2*i**2 - 306*i. Give o(-24).
55
Let m = -119 - -119. Let s(i) = 2 - 23*i**2 + 2*i**2 - 7 - 3 + 20*i**2 - i. Calculate s(m).
-8
Let a(r) = r**3 - 26*r**2 + 44*r + 99. Let x be a(24). Let n(d) = 2*d**2 - 3*d - 3. Calculate n(x).
6
Let n(y) = y**3 - 4*y**2 + 3*y - 1. Suppose 5*z - 1025 = 4*c - 0*z, -3*c = -4*z + 768. Let l = -258 - c. Calculate n(l).
-3
Let k(l) = 10*l - 143. Let h be k(16). Suppose -4*a = -2*t + 10, 3*t = 8*t - 2*a - h. Let d(y) = -y**2 + 3. Determine d(t).
-6
Let o be (-8)/(-10)*(-2)/(-4)*5. Suppose -o*u - u = 0. Let r be (54/(-24))/(u + (-6)/(-16)). Let z(d) = d**3 + 5*d**2 - 4*d - 4. Calculate z(r).
-16
Let f(l) = 5*l**2 - 1. Let k be f(-1). Suppose 5*y + 3*u - 15 = 9, 2*y - 2*u = 16. Let o(x) = -y*x - 201 + 11*x + 199. Give o(k).
18
Let w = 2429 + -2426. Let q(b) = -2*b**2 - 3*b + 4. What is q(w)?
-23
Let v = -2183 + 2188. Let i(h) = -h**2 + 9*h - 29. Give i(v).
-9
Let x be ((-63)/45)/(-2 + (-18)/(-10)). Let z(y) = 0 - 5*y**2 - x*y + 6*y**2 - 3. Let u = 36 + -29. Give z(u).
-3
Let x(p) be the first derivative of 3/2*p**2 - p - 42. What is x(-1)?
-4
Let h be (-18)/4*(-96)/216. Let j(c) = 0*c + 33 - 2*c + 7 + 4*c**h - 39. Calculate j(2).
13
Let b(y) = 7*y - 6. Suppose 5*k + 0 = 4*u - 4, u - 8 = 3*k. Let i(t) = 15*t - 13. Let l(v) = k*i(v) + 9*b(v). Let d be (6/(-4))/((-1)/2). What is l(d)?
7
Let h(z) = -z**3 - 3*z**2 + 2*z - 3. Let a(o) = -4*o + 116. Let v be ((-10)/(-7))/((-9)/(-63))*3. Let l be a(v). Determine h(l).
5
Let g(s) = -s**2 - s. Let r be g(-2). Let h = -171 - -173. Let l(u) = -22 - 6*u**2 + 5*u**2 + 0*u + 20 - h*u. What is l(r)?
-2
Let f(y) = y**2 + 2*y + 5. Suppose 1215 = 3*b - 5*m, -2*b + 510 = -5*m - 300. Let w = -408 + b. Calculate f(w).
8
Let y(l) = 2*l - 4. Let a(k) = -2*k + 21. Let p(d) = a(d) + 3*y(d). Calculate p(-8).
-23
Let o(b) be the third derivative of 1 + 0*b - 1/24*b**4 - 1/60*b**5 - 15*b**2 + 1/3*b**3. Let p be (-16)/7 - (-4)/14. Determine o(p).
0
Let g(a) be the first derivative of -a**2/2 + 12*a + 2482. Calculate g(26).
-14
Let x(g) = -9*g**3 - 5*g**2 - 6*g - 3. Let u be (-15)/45 + (612/(-432) - (-1)/(-4)). Calculate x(u).
61
Let h be (-6)/(24/(-10))*2. Let r(s) = -34*s**2 + 33*s**2 - 1 + h*s - s**3 - 2*s. What is r(-3)?
8
Let i = -574 - -601. Let a(n) = i - 58 + 3*n + 24. Determine a(4).
5
Let m(t) = 29*t**2 + 9*t + 108. Let d(f) = 7*f**2 + 2*f + 24. Let r(p) = 9*d(p) - 2*m(p). Let w(u) = -2*u**2 + 2*u - 1. Let z be w(1). What is r(z)?
5
Let h(q) = -2*q - 6. Let o(p) = 3*p**3 + 30*p**2 + 3*p + 22. Suppose -3*s = 2*b + 2*b + 55, -5*b = -4*s + 30. Let t be o(b). Calculate h(t).
10
Let u(n) = -n + 42. Let c(w) = -w + 38. Let r(h) = 6*c(h) - 5*u(h). Let f be 3/(-5) - (-15)/25. Let x = f + 10. Determine r(x).
8
Suppose -3*k + 10 = 7*k. Suppose 8*r = -k + 9. Let x(v) = 10*v**2 - v + 1. What is x(r)?
10
Let j(o) = 9 - 11*o + 4 - o**2 + 0 + 9. Determine j(2).
-4
Let v = -2203 + 2218. Let w(r) be the second derivative of v*r - 3/2*r**2 - 1/6*r**3 + 0. Determine w(7).
-10
Let r = 6 - 4. Let j(y) = -12 - 9 - 4*y - 4 - 8 - 18 + 53. Determine j(r).
-6
Let u = -12876 + 12877. Let a(v) = -v + 6. Let n(f) = 5*f - 10. Let z(q) = 9*q - 19. Let c(b) = -5*n(b) + 3*z(b). Let s(r) = -6*a(r) - 5*c(r). Determine s(u).
-5
Let w(d) = -2*d + 0*d + 5*d - 13 + 4 + 8*d. Give w(-6).
-75
Let s(x) = 3*x**2 + 24 + 90*x - 104*x - 77*x. Calculate s(30).
-6
Let g be ((-16)/80 - (-2)/10)/(-4). Suppose 9 = 2*m + y, -y - 21 = -4*m - g*m. Let f(r) = -2*r - 1. Let q(u) = u - 1. Let k(l) = -f(l) - 4*q(l). What is k(m)?
-5
Let m(u) be the first derivative of 148 - u - 1/2*u**2 + 13/3*u**3. Give m(-1).
13
Let q(g) = 11 + g**3 - 14 - 8*g + g**2 + 4*g - 3*g**2. Calculate q(3).
-6
Let h(b) = 2*b**3 + 2*b**2 + 4*b + 9. Suppose 6 + 0 = -n. Let z(o) = -2*o**3 - 3*o**2 - 5*o - 10. Let j(w) = n*z(w) - 7*h(w). Determine j(3).
-15
Let m(f) be the second derivative of -f**5/20 - 7*f**4/12 + 5*f**3/6 + 2*f**2 - 3026*f. Calculate m(-7).
-31
Let p(r) = 5*r - 9499 + 9507 - 12*r + 2*r + 3*r. Suppose 3*z + 3*o - 25 = 7*o, -4*o - 16 = 0. Suppose 2*l = -z*l + 35. Give p(l).
-6
Suppose -4*i + 2*s = -2*i + 14, -2*i + s = 11. Let q(p) = -11 - 17*p + 4*p + 2 + 4 + 7. Let x(h) = 11*h - 2. Let n(r) = 5*q(r) + 6*x(r). Calculate n(i).
-6
Let z(n) = -n**2 - 15*n - 9. Let o(i) = -15*i**2 - 240*i - 144. Let s(w) = -4*o(w) + 63*z(w). What is s(8)?
-63
Let p(w) = 3 + 5*w - 2*w**2 + 3*w**3 - 2 - 4*w**3. Let i(d) = 30*d**2 - 9*d - 37. Let n be i(-4). Suppose -463 + n = -4*r. What is p(r)?
13
Let m = -4 - -8. Let o(r) be the second derivative of r**4/12 - r**3 + r**2/2 - 2*r + 8405. Give o(m).
-7
Let m(x) be the second derivative of x**5/20 + 5*x**4/4 + 4*x**3/3 - 19*x**2/2 + 339*x - 2. What is m(-14)?
65
Let j(n) = n**3 + 11*n**2 + 16*n - 13. Let i be 72/(-16)*(-9)/((-45)/10). What is j(i)?
5
Let i(l) = 11*l + 34. Let o(b) = 28*b + 246. Let t be o(-9). Determine i(t).
-32
Let b(u) = -3*u - 17. Let a(z) = 4*z + 19. Suppose 3*t - 3*j = -3, -t + 2*j - 5 = -0*t. Let o(p) = t*b(p) + 2*a(p). Give o(0).
-13
Let z(d) = -21 + 22*d - 104*d + 19*d + 3 + 30*d. Calculate z(-1).
15
Suppose 4*i - 5*c - 38 = 0, 0 = 2*i + 4*c - 1 + 21. Let g(y) = -y**3 + 5*y**2 - 16*y + 26. What is g(i)?
6
Suppose -33 - 35 = -2*d. Suppose -d*h = -328 + 124. Let j(g) = -g**3 + 6*g**2 - 2*g + 8. Calculate j(h).
-4
Let m(g) = 20 + 14 - 4 + 35*g - 50*g. Give m(3).
-15
Let v(n) = -n**2 + 45*n - 412. Let b be 33/1*4/36*9. Determine v(b).
-16
Suppose 118*c - 121*c - 9 = 0. Let p(o) be the first derivative of -o**2/2 - o + 3. Let x(l) = -8*l - 4. Let r(i) = 5*p(i) - x(i). Calculate r(c).
-10
Let t(v) be the third derivative of -v**4/24 - v**3/2 + 15*v**2 - 24*v. Determine t(-12).
9
Let v(l) = -13*l**2 + 7*l + 6. Let q = -10226 + 10225. Determine v(q).
-14
Let c be (407/88 - 5)/(21/(-224)). Let o(u) = -u**2 + 23*u - 4. What is o(c)?
72
Let j be 9/15 - (-132)/(-20). Let w = j + 15. Let f(b) be the first derivative of b**2/2 - 5*b + 396. Determine f(w).
4
Let r(j) = -j**3 + 6*j**2 + 6*j**2 + 6*j + 4*j**2 - 5*j + 12 - 21*j**2. Calculate r(-5).
7
Let z(b) = 94*b**3 + b**2 - b - 1. Let u = -899 - -898. Calculate z(u).
-93
Let i(u) = 2*u**2 - 12*u + 17. Let r(t) = 3*t**2 - 19*t + 36. Let b(v) = -